15.
1
Convert -10101 (base 2) to base 15.
-16
What is -34 (base 7) in base 12?
-21
-2 (base 3) to base 12
-2
Convert 10 (base 8) to base 6.
12
5 (base 13) to base 15
5
What is 65 (base 10) in base 13?
50
What is 2 (base 5) in base 10?
2
What is 36 (base 7) in base 8?
33
Convert -11 (base 2) to base 10.
-3
Convert -11 (base 3) to base 7.
-4
Convert -5 (base 12) to base 2.
-101
Convert 20 (base 8) to base 14.
12
Convert 120 (base 13) to base 7.
366
What is -121 (base 3) in base 7?
-22
Convert -51 (base 12) to base 11.
-56
Convert -1301 (base 5) to base 15.
-d6
Convert 7 (base 9) to base 15.
7
Convert -77 (base 16) to base 14.
-87
Convert -5 (base 13) to base 7.
-5
Convert 1 (base 9) to base 7.
1
-2 (base 9) to base 13
-2
-2 (base 16) to base 10
-2
10001 (base 2) to base 5
32
What is 4 (base 6) in base 2?
100
Convert -367 (base 10) to base 6.
-1411
112 (base 3) to base 14
10
Convert 47 (base 15) to base 13.
52
Convert 46 (base 9) to base 12.
36
Convert 0 (base 10) to base 13.
0
What is 1a (base 13) in base 16?
17
-1101010 (base 2) to base 11
-97
0 (base 4) to base 12
0
-66 (base 10) to base 15
-46
What is -8 (base 15) in base 8?
-10
Convert 100010 (base 2) to base 11.
31
What is -d (base 14) in base 10?
-13
233 (base 6) to base 16
5d
Convert -5 (base 14) to base 4.
-11
What is -1101 (base 2) in base 11?
-12
What is -1 (base 6) in base 9?
-1
-200 (base 9) to base 11
-138
What is -110 (base 5) in base 13?
-24
What is -100 (base 2) in base 8?
-4
-266 (base 7) to base 14
-a6
Convert 1040 (base 5) to base 14.
a5
Convert 13 (base 7) to base 10.
10
What is -3 (base 13) in base 9?
-3
2 (base 6) to base 9
2
Convert -1 (base 12) to base 14.
-1
-1021 (base 4) to base 13
-58
Convert -3 (base 4) to base 5.
-3
What is -76 (base 14) in base 8?
-150
Convert 1c (base 14) to base 5.
101
Convert 0 (base 8) to base 13.
0
What is 72 (base 11) in base 16?
4f
What is -5 (base 8) in base 9?
-5
What is 3 (base 16) in base 6?
3
Convert 17 (base 8) to base 12.
13
1 (base 12) to base 7
1
Convert 1 (base 12) to base 7.
1
What is -4 (base 7) in base 3?
-11
What is 13 (base 5) in base 7?
11
What is -14 (base 13) in base 8?
-21
What is -16 (base 11) in base 7?
-23
What is -5 (base 12) in base 6?
-5
What is -12 (base 5) in base 16?
-7
Convert b (base 13) to base 3.
102
Convert 0 (base 11) to base 12.
0
a (base 11) to base 9
11
Convert 11 (base 12) to base 4.
31
0 (base 4) to base 6
0
10201 (base 3) to base 10
100
-28 (base 13) to base 5
-114
What is -202 (base 8) in base 11?
-109
Convert 47 (base 14) to base 8.
77
What is -1 (base 11) in base 12?
-1
What is 3 (base 6) in base 8?
3
What is -55 (base 15) in base 10?
-80
Convert -1 (base 14) to base 5.
-1
Convert 1 (base 10) to base 3.
1
Convert 309 (base 10) to base 9.
373
What is 45 (base 7) in base 14?
25
Convert 117 (base 15) to base 14.
139
Convert -35 (base 11) to base 16.
-26
-13 (base 7) to base 12
-a
20 (base 5) to base 14
a
What is 8 (base 12) in base 5?
13
What is 4 (base 11) in base 15?
4
What is -2 (base 11) in base 6?
-2
What is -100 (base 4) in base 14?
-12
Convert 2 (base 7) to base 15.
2
-38 (base 15) to base 8
-65
Convert -76 (base 15) to base 5.
-421
What is -20 (base 9) in base 2?
-10010
-29 (base 12) to base 3
-1020
Convert 1 (base 14) to base 6.
1
0 (base 16) to base 13
0
Convert 4 (base 10) to base 4.
10
What is -1a (base 13) in base 2?
-10111
Convert 16 (base 9) to base 8.
17
Convert -118 (base 10) to base 5.
-433
2 (base 9) to base 12
2
Convert -22 (base 16) to base 6.
-54
What is -3 (base 16) in base 8?
-3
Convert -212 (base 4) to base 9.
-42
What is 3 (base 8) in base 12?
3
Convert 222 (base 3) to base 16.
1a
5 (base 10) to base 11
5
Convert 4c (base 14) to base 9.
75
What is -4 (base 6) in base 14?
-4
9 (base 13) to base 9
10
Convert -30 (base 16) to base 9.
-53
-2a5 (base 11) to base 14
-1b7
Convert 1210 (base 3) to base 2.
110000
Convert -79 (base 14) to base 8.
-153
What is 19 (base 12) in base 9?
23
Convert 0 (base 7) to base 10.
0
What is 0 (base 12) in base 2?
0
What is 25 (base 15) in base 16?
23
Convert 2 (base 15) to base 7.
2
Convert 31 (base 5) to base 16.
10
Convert -1 (base 7) to base 4.
-1
Convert 120 (base 4) to base 9.
26
Convert 1 (base 7) to base 15.
1
Convert -83 (base 9) to base 15.
-50
What is -20 (base 9) in base 14?
-14
What is 2001 (base 4) in base 11?
108
Convert 23 (base 4) to base 10.
11
Convert -68 (base 16) to base 4.
-1220
-1001101 (base 2) to base 12
-65
Convert 11 (base 9) to base 4.
22
11 (base 2) to base 14
3
What is -9 (base 10) in base 8?
-11
33 (base 6) to base 13
18
-4 (base 10) to base 16
-4
What is 5 (base 11) in base 10?
5
Convert -2e (base 16) to base 12.
-3a
What is -2 (base 14) in base 5?
-2
Convert -100 (base 2) to base 6.
-4
Convert 2 (base 12) to base 6.
2
6 (base 16) to base 12
6
-4 (base 14) to base 10
-4
-1022 (base 3) to base 12
-2b
What is -107 (base 16) in base 3?
-100202
Convert 319 (base 10) to base 14.
18b
What is 2 (base 7) in base 13?
2
Convert -10 (base 3) to base 15.
-3
What is 306 (base 9) in base 2?
11111001
Convert -65 (base 12) to base 5.
-302
What is -37 (base 8) in base 7?
-43
What is -10 (base 7) in base 4?
-13
111 (base 15) to base 9
287
What is -2 (base 10) in base 15?
-2
What is 4 (base 14) in base 7?
4
What is 102 (base 3) in base 8?
13
What is -24 (base 10) in base 13?
-1b
What is 28 (base 10) in base 12?
24
What is -102 (base 6) in base 15?
-28
7 (base 14) to base 6
11
-3 (base 14) to base 11
-3
20 (base 6) to base 11
11
-2 (base 8) to base 11
-2
-2 (base 16) to base 11
-2
-1 (base 9) to base 11
-1
What is -5 (base 11) in base 10?
-5
What is 1 (base 15) in base 10?
1
-221 (base 5) to base 10
-61
-1 (base 10) to base 14
-1
-3 (base 15) to base 14
-3
-142 (base 5) to base 2
-101111
2 (base 15) to base 4
2
Convert -10110100 (base 2) to base 5.
-1210
What is 0 (base 8) in base 4?
0
What is -101 (base 2) in base 11?
-5
0 (base 14) to base 9
0
What is -52 (base 7) in base 15?
-27
What is -10 (base 5) in base 14?
-5
43 (base 10) to base 7
61
5 (base 13) to base 4
11
32 (base 10) to base 13
26
-2 (base 16) to base 8
-2
Convert -11 (base 5) to base 4.
-12
-3 (base 11) to base 2
-11
1c (base 13) to base 7
34
Convert 8 (base 16) to base 6.
12
Convert -3 (base 4) to base 16.
-3
What is 24 (base 8) in base 13?
17
10 (base 3) to base 8
3
-1 (base 10) to base 3
-1
20 (base 4) to base 11
8
-56 (base 9) to base 5
-201
Convert 0 (base 15) to base 14.
0
Convert -12 (base 9) to base 8.
-13
What is 15 (base 14) in base 8?
23
What is -5 (base 10) in base 12?
-5
Convert 0 (base 6) to base 10.
0
Convert 100000 (base 2) to base 7.
44
-301 (base 4) to base 6
-121
Convert -1a6 (base 11) to base 5.
-1422
What is 11 (base 2) in base 4?
3
226 (base 7) to base 2
1110110
Convert 1 (base 14) to base 2.
1
-6 (base 7) to base 5
-11
Convert -11 (base 3) to base 16.
-4
What is -5b (base 15) in base 8?
-126
Convert -25 (base 8) to base 3.
-210
Convert -29 (base 15) to base 4.
-213
What is -3 (base 13) in base 9?
-3
3 (base 12) to base 13
3
-4 (base 5) to base 3
-11
111 (base 2) to base 8
7
Convert 2b (base 14) to base 7.
54
Convert 1000 (base 2) to base 10.
8
-194 (base 12) to base 8
-400
-9 (base 14) to base 3
-100
What is -2 (base 14) in base 7?
-2
Convert 21 (base 10) to base 9.
23
Convert 111 (base 4) to base 15.
16
34 (base 6) to base 8
26
Convert 3 (base 8) to base 9.
3
3 (base 11) to base 6
3
-3 (base 8) to base 2
-11
-2 (base 11) to base 13
-2
What is 8 (base 15) in base 11?
8
What is -9b (base 15) in base 5?
-1041
Convert -40 (base 5) to base 8.
-24
What is 1 (base 4) in base 7?
1
Convert 11 (base 3) to base 12.
4
What is 1 (base 13) in base 3?
1
Convert 27 (base 9) to base 2.
11001
Convert -8 (base 10) to base 6.
-12
What is -44 (base 7) in base 14?
-24
332 (base 9) to base 14
156
Convert -2 (base 14) to base 5.
-2
What is 16 (base 16) in base 15?
17
-32 (base 12) to base 7
-53
Convert 0 (base 8) to base 9.
0
Convert -234 (base 6) to base 4.
-1132
Convert 21100 (base 3) to base 13.
123
Convert -59 (base 14) to base 2.
-1001111
Convert 64 (base 14) to base 8.
130
-2 (base 13) to base 8
-2
-1 (base 14) to base 9
-1
Convert 313 (base 10) to base 8.
471
-2 (base 4) to base 3
-2
What is 9 (base 12) in base 10?
9
4 (base 15) to base 9
4
-28 (base 11) to base 4
